 k be h(-1). Suppose 0*m - 2220 = -k*m. Let s = m - -1012. Is s prime?
True
Let u = -20016 + 21418. Is u a composite number?
True
Let t(l) = l - 3. Let m be t(3). Suppose 0 = -2*a - a - h + 16, m = 3*h - 12. Is (-12)/(3 - 6)*251/a a composite number?
False
Suppose -10*j + 10 = -5*j. Suppose 5*a + h + j = -h, 2*a - h = 1. Suppose -5*f + a*f = -14695. Is f a prime number?
True
Suppose 7*m + 72*m = -409*m + 9007016. Is m composite?
False
Let q(i) be the second derivative of i**7/840 - 7*i**6/360 - i**5/120 - 11*i**4/6 - 13*i. Let f(w) be the third derivative of q(w). Is f(6) a composite number?
False
Let i = -13631 - -23187. Suppose 4*s = -2*o - i, 3*o - 2*o + 2387 = -s. Is (s/(-6))/((-6)/(-12)) a composite number?
False
Let h = -793 + 26652. Is h prime?
False
Let r be ((-114)/(-6))/(3/129). Let c = r + -176. Is c a composite number?
False
Let n = -5252 + 3285. Let z = n + 4708. Is z composite?
False
Let x(u) = 9 - u**3 + 18*u - 34*u + 18*u - 4*u**2. Let g be x(-3). Is (-2)/g + 17214/9 composite?
False
Suppose -4*j - 2*s + 462108 = 0, 0 = -110*j + 106*j - 6*s + 462140. Is j prime?
True
Suppose -2*h = -0*h - 5*b - 115367, -36 = -12*b. Is h prime?
False
Suppose -52*b - 636489 = -3*t - 54*b, 5*b = -5*t + 1060805. Is t a composite number?
False
Let w(r) = -24*r**3 + r**2 + 76*r + 443. Is w(-6) a prime number?
False
Let j be (0/1)/(96/(-48)). Is ((-1356)/8 + j)/(5/(-10)) prime?
False
Let o(z) = z**3 - 5*z**2 - 2*z + 2. Let b be o(5). Let l be (-132)/(-16) + 2/b. Suppose -3*w + 94 = 5*f, 0 = 5*f - 3*f + l. Is w composite?
True
Suppose 5*q + 3*s = 136648, 27*q - 2*s = 25*q + 54656. Is q a composite number?
False
Suppose -13*p + 6*p + 28 = 0. Suppose 4*m + 4*d - 19416 = 0, 5*m + p*d = 964 + 23305. Is m composite?
True
Suppose 5*w + 12 - 89 = -4*x, 2*w = 3*x - 75. Let k be 1/9 + 16/(-72)*x. Is k*(5 + (-598)/5) prime?
False
Let t = -25182 + 521345. Is t a composite number?
False
Is 3177709*2/10 - 11*(-16)/880 a composite number?
True
Let k(w) = -w**2 - 11*w - 21. Let b be k(-8). Suppose b*j = 5306 + 97. Is j a prime number?
True
Suppose 2*n + 5377 = 1153. Let o = -1177 - n. Let b = o + -394. Is b prime?
True
Suppose 4*h + 5*o - 9660726 = -494516, 2*h - 4583102 = -2*o. Is h a prime number?
False
Let h(s) = -294*s**3 + 27*s**2 - 32*s - 36. Let y(z) = 98*z**3 - 9*z**2 + 11*z + 12. Let q(d) = -3*h(d) - 8*y(d). Is q(5) composite?
True
Suppose 0*n = 4*n + 20. Let k be (30/n)/(-3) + 0. Suppose -5 = -2*v + 5, -y = k*v - 327. Is y a composite number?
False
Let v = -32 + 34. Suppose r + 2*p = 321, v*r = p - 396 + 1038. Is r a composite number?
True
Let q(p) be the third derivative of 2*p**2 - 1/8*p**4 - 41/120*p**6 + 0 - 1/30*p**5 + 0*p - 1/6*p**3. Is q(-3) prime?
True
Suppose 2*j = -t + 185, 0*t + 2*j = 3*t - 547. Let m be -334*1/(-2) - 3. Suppose u - t = m. Is u prime?
True
Suppose -3*x + 60 = 36. Suppose -x*r = -81704 + 13984. Is r composite?
True
Let a = -130 + 122. Let k(o) = -6359*o - 48. Let u be k(a). Suppose 6*c + 2*c - u = 0. Is c a prime number?
True
Suppose -6 = 3*m + 4*b, 3*m - 7 = 2*b + 5. Suppose m*q + 4134 - 13604 = 0. Is q a composite number?
True
Suppose 15*b - 2*b = -585. Let p = 45 + b. Suppose 2*s + 4*a + 3500 = 6*s, p = -3*s - 3*a + 2637. Is s prime?
True
Let y be (1 + -3)*(2 + -3). Is (1 - -2) + y + (3 - -215) a prime number?
True
Let q(r) = 21497*r**3 + 5*r**2 + 13*r - 25. Is q(2) composite?
True
Let t = 184502 - 28869. Is t a prime number?
False
Let m = -174 + 177. Suppose -3*o - o + 2592 = 2*x, 1304 = 2*o - m*x. Is o a prime number?
False
Let x = 19571 - 19050. Is x a prime number?
True
Let t(b) = 11*b**2 - 7*b + 63. Let g = -435 - -406. Is t(g) a composite number?
True
Suppose -5*t = 18 - 63. Suppose 0 = -3*q - t, 0 = -5*d - 5*q + 609 + 646. Is d prime?
False
Suppose -11*x - 5*p = -6*x - 22690, -18127 = -4*x + p. Suppose g + 2*g - 6 = 0. Suppose x = 5*z - g*z. Is z a composite number?
False
Let t(j) = -51*j**3 + 65*j**2 - 116*j + 17. Is t(-20) a composite number?
True
Let x(k) = 704*k - 272. Let h be x(15). Let a = h - 3770. Is a a composite number?
True
Suppose -4*c - 77536 = -a + 188971, -c + 532933 = 2*a. Is a composite?
True
Let i be (213/(-2))/(6/(-72)). Suppose 0 = b + 3*d - 19, -37*d + 40*d - 7 = 2*b. Suppose 2*r - i = -4*j, b*r = 2*j + 2*j + 2568. Is r prime?
True
Let k(z) = -540*z**3 - 11*z**2 - 6*z + 16. Let g(t) = -541*t**3 - 10*t**2 - 5*t + 15. Let w(m) = -7*g(m) + 6*k(m). Is w(3) a prime number?
False
Suppose -336 = -3*s - 261. Is s/10*1514/(-20)*-4 prime?
True
Let z = -766 - -768. Suppose -15*i + 3*n - 5087 = -16*i, 0 = z*i - 4*n - 10174. Is i a composite number?
False
Let k(f) = -749*f + 4. Let g be k(-2). Is g - -2 - 2 - (-6)/(-2) composite?
False
Suppose -2*k + 6 = -0. Suppose 0 = -4*h - k*o + 192 + 1781, 2*o + 1501 = 3*h. Is h a prime number?
False
Let b be (-4)/10 + 708/20. Let a be (-2)/7 + (-20465)/b. Let l = a + 966. Is l a prime number?
False
Suppose 280*q - 77840 = 278*q - 3*d, 5*d = -4*q + 155686. Is q composite?
True
Suppose -131 = -6*m + 1. Suppose -m = s - 25. Suppose 2*w = -s*k + 2659, -k - 2*w = 5 - 886. Is k composite?
True
Let s = -9 - -12. Suppose -5*f + 2*u + 21 = 0, -3 = 4*f + s*u - 6. Suppose 3*i - 447 = -f*y, y - 3*i + i = 149. Is y composite?
False
Suppose 0 = -14*r + 2834975 - 126689. Is r a composite number?
True
Let t = 298800 + 213013. Is t a prime number?
False
Let x = 4621277 + -2584178. Is x composite?
True
Let c = -58 - -57. Let g be -9 + 7 - 778/c. Suppose 0 = -10*n + 6*n + g. Is n a prime number?
False
Let k = 583549 - 391170. Is k prime?
False
Let m(i) = -i**3 + 17*i**2 + 4*i - 24. Let f be m(17). Let n be (-11)/f + (-17)/(-4). Suppose -4*h = n*q - 3*h - 207, -3*h + 144 = 3*q. Is q prime?
True
Suppose 2*l + 2*b - 707922 = 0, -3*b - 341562 = -l + 12407. Is l a composite number?
False
Suppose 606*w + 26067621 = 699*w. Is w a prime number?
True
Suppose 5*t - 11 = w, -13 = w - 2*w - 3*t. Let i(h) = -1 - 49*h + w + 24. Is i(-8) composite?
False
Is (-6)/21 - (0 - 980550/14) a prime number?
True
Suppose -70 = 2*h - 7*h. Let m(s) = -5*s**2 - 321*s + 265. Let r be m(-65). Suppose r*c = -h*c + 4142. Is c a composite number?
True
Let b(m) = -116*m**3 - 3*m**2 + 23*m + 43. Is b(-10) prime?
True
Suppose -2*n - 3*l = -3453, -l - 106 = -107. Let r be (15 - 1)*-1*44. Let t = r + n. Is t composite?
False
Let p be 6 - (1 - (-1 - 2)). Let i be 817*(p/(-6))/(1/3). Is i/(-5) + (0 - 8/20) composite?
False
Suppose 5*r + 2*x = 2065, -x = -11*x + 5*x. Is r prime?
False
Let r be (4/(-3))/((-19)/(19875786/28)). Suppose -r = -12*c + 1654. Is c prime?
True
Suppose -21 = d - 8*d. Let f be -1 + (d/((-6)/2) - -3). Is ((-4101)/(-9) - 2)*(f + 2) prime?
True
Let t = 21367 + 4822. Is t composite?
False
Suppose 5*j - 3*t = 209, 154 = -j + 5*j + 2*t. Suppose 0 = 4*p + p - j. Let q(a) = -a**2 + 15*a + 11. Is q(p) a prime number?
True
Let n be 66/(-24)*-23 - 1/4. Suppose -l - 2*t = n, -2*l = -5*l + t - 182. Let b = l - -508. Is b a composite number?
True
Suppose -4*z = 20, -16061 = 5*p - 5*z + 30149. Is (-6)/4*(9 - p/(-21)) prime?
True
Let t = 10154 + -9541. Is t a prime number?
True
Is 6/8*(-73342052)/(-399) a composite number?
True
Let k(c) = 17 - 1112*c + 23 + 34 + 27 - 472*c. Is k(-13) a composite number?
False
Suppose -2*j - 9*n + 4*n = 25, 3*n + 15 = 4*j. Let t be (385/(-21) - -3)*(-51)/2. Suppose j*p = p - t. Is p prime?
False
Let x = 75336 + -27000. Suppose 40*y - 198776 = -x. Is y prime?
True
Suppose -179833 = -3*z + 32*t - 28*t, -z + 4*t = -59931. Is z composite?
False
Let x(l) = -191*l + 42. Let r(n) = -n + 22. Let c be r(13). Let j be (6/c)/((-12)/162). Is x(j) composite?
True
Let p = 6261 - -8967. Suppose -7*w = -11*w + 2*c + p, -2*c + 7602 = 2*w. Is w prime?
False
Suppose 14*l + 18070227 = 44*l - 6549303. Is l composite?
True
Let h = 9839 - -40581. Suppose v - h = -3*v. Is v composite?
True
Let l = 7680 + -3854. Is l composite?
True
Let m = 57059 - 7362. Is m a prime number?
True
Let d(u) = -5*u + 1. Let c(a) = 298*a - 149. Let t(o) = c(o) - 6*d(o). Is t(21) prime?
True
Let p be (30/(-9))/((6/49239)/1). Is (-2)/((-5)/(p/(-2))) composite?
False
Let v(j) = 632*j**2 + 105*j + 809. Is v(-8) a prime number?
False
Suppose 86*k + 115*k - 38079385 = 46500008. Is k composite?
True
Suppose c = 8 - 12. Let w be (-8188)/(-2